{"id":44,"date":"2017-12-02T16:03:05","date_gmt":"2017-12-02T16:03:05","guid":{"rendered":"http:\/\/chaperon.be\/?page_id=44"},"modified":"2017-12-06T14:14:19","modified_gmt":"2017-12-06T14:14:19","slug":"discover-the-area","status":"publish","type":"page","link":"http:\/\/chaperon.be\/?page_id=44","title":{"rendered":"Discover the area"},"content":{"rendered":"<div id=\"pl-44\"  class=\"panel-layout\" ><div id=\"pg-44-0\"  class=\"panel-grid panel-no-style\" ><div id=\"pgc-44-0-0\"  class=\"panel-grid-cell\" ><div id=\"panel-44-0-0-0\" class=\"so-panel widget widget_sow-editor panel-first-child panel-last-child\" data-index=\"0\" ><div\n\t\t\t\n\t\t\tclass=\"so-widget-sow-editor so-widget-sow-editor-base\"\n\t\t\t\n\t\t>\n<div class=\"siteorigin-widget-tinymce textwidget\">\n\t<p><iframe loading=\"lazy\" style=\"border: 0;\" src=\"https:\/\/www.google.com\/maps\/embed?pb=!1m14!1m8!1m3!1d10240.017169844094!2d5.1761473!3d50.0862065!3m2!1i1024!2i768!4f13.1!3m3!1m2!1s0x0%3A0xe1a97dc2bde1454a!2sLe+Chaperon!5e0!3m2!1sen!2sbe!4v1512232777672\" width=\"600\" height=\"450\" frameborder=\"0\" allowfullscreen=\"allowfullscreen\"><span data-mce-type=\"bookmark\" style=\"display: inline-block; width: 0px; overflow: hidden; line-height: 0;\" class=\"mce_SELRES_start\">\ufeff<\/span><\/iframe><\/p>\n<\/div>\n<\/div><\/div><\/div><div id=\"pgc-44-0-1\"  class=\"panel-grid-cell\" ><div id=\"panel-44-0-1-0\" class=\"so-panel widget widget_sow-editor panel-first-child panel-last-child\" data-index=\"1\" ><div\n\t\t\t\n\t\t\tclass=\"so-widget-sow-editor so-widget-sow-editor-base\"\n\t\t\t\n\t\t>\n<div class=\"siteorigin-widget-tinymce textwidget\">\n\t<p><em>The area offers many tourist and family activities:<\/em><\/p>\n<ul>\n<li><a href=\"http:\/\/www.grotte-de-han.be\/fr\" target=\"_blank\" rel=\"noopener\">Les grottes de Han<\/a><\/li>\n<li><a href=\"http:\/\/www.chateau-lavaux.com\/\" target=\"_blank\" rel=\"noopener\">Le ch\u00e2teau de Lavaux-Sainte-Anne<\/a><\/li>\n<li><a href=\"http:\/\/www.malagne.be\/fr\/\" target=\"_blank\" rel=\"noopener\">Malagne, la gallo-romaine<\/a><\/li>\n<li><a href=\"http:\/\/ravel.wallonie.be\/home\/itineraires\/local\/ligne-150-b.html\" target=\"_blank\" rel=\"noopener\">Ravel<\/a><\/li>\n<li><a href=\"https:\/\/www.domainedechevetogne.be\/\" target=\"_blank\" rel=\"noopener\">Domaine de Chevetogne<\/a><\/li>\n<li><a href=\"http:\/\/www.valdelesse.be\/\" target=\"_blank\" rel=\"noopener\">Le Val de Lesse<\/a><\/li>\n<li><a href=\"http:\/\/www.redu-villagedulivre.be\/fr\/\" target=\"_blank\" rel=\"noopener\">Redu, village du livre<\/a><\/li>\n<li><a href=\"http:\/\/www.eurospacecenter.be\/\" target=\"_blank\" rel=\"noopener\">Euro Space Center<\/a><\/li>\n<li><a href=\"http:\/\/www.tellin.be\/culture-loisirs\/tourisme-a-tellin\/Tourisme\" target=\"_blank\" rel=\"noopener\">Office du Tourisme de Tellin<\/a><\/li>\n<li><a href=\"http:\/\/www.autrucheriedudoneu.be\/Autucherie_du_Doneu\/Index.html\" target=\"_blank\" rel=\"noopener\">Autrucherie du Doneu<\/a><\/li>\n<li><a href=\"http:\/\/www.chateaurochefort.be\/\" target=\"_blank\" rel=\"noopener\">Ch\u00e2teau de Rochefort<\/a><\/li>\n<li><a href=\"http:\/\/www.stalacs.be\/voorbeeld-pagina\/contacts\/\" target=\"_blank\" rel=\"noopener\">Sorties D\u00e9couverte Sp\u00e9l\u00e9ologie<\/a><\/li>\n<\/ul>\n<\/div>\n<\/div><\/div><\/div><\/div><\/div>","protected":false},"excerpt":{"rendered":"<p>\ufeff The area offers many tourist and family activities: Les grottes de Han Le ch\u00e2teau de Lavaux-Sainte-Anne Malagne, la gallo-romaine Ravel Domaine de Chevetogne Le Val de Lesse Redu, village du livre Euro Space Center Office du Tourisme de Tellin Autrucherie du Doneu Ch\u00e2teau de Rochefort Sorties D\u00e9couverte Sp\u00e9l\u00e9ologie<\/p>\n","protected":false},"author":1,"featured_media":0,"parent":0,"menu_order":0,"comment_status":"closed","ping_status":"closed","template":"","meta":{"footnotes":""},"class_list":["post-44","page","type-page","status-publish","hentry"],"_links":{"self":[{"href":"http:\/\/chaperon.be\/index.php?rest_route=\/wp\/v2\/pages\/44","targetHints":{"allow":["GET"]}}],"collection":[{"href":"http:\/\/chaperon.be\/index.php?rest_route=\/wp\/v2\/pages"}],"about":[{"href":"http:\/\/chaperon.be\/index.php?rest_route=\/wp\/v2\/types\/page"}],"author":[{"embeddable":true,"href":"http:\/\/chaperon.be\/index.php?rest_route=\/wp\/v2\/users\/1"}],"replies":[{"embeddable":true,"href":"http:\/\/chaperon.be\/index.php?rest_route=%2Fwp%2Fv2%2Fcomments&post=44"}],"version-history":[{"count":23,"href":"http:\/\/chaperon.be\/index.php?rest_route=\/wp\/v2\/pages\/44\/revisions"}],"predecessor-version":[{"id":159,"href":"http:\/\/chaperon.be\/index.php?rest_route=\/wp\/v2\/pages\/44\/revisions\/159"}],"wp:attachment":[{"href":"http:\/\/chaperon.be\/index.php?rest_route=%2Fwp%2Fv2%2Fmedia&parent=44"}],"curies":[{"name":"wp","href":"https:\/\/api.w.org\/{rel}","templated":true}]}}